en 4294 is divided by 273.
199
Calculate the remainder when 672013 is divided by 97.
94
Calculate the remainder when 55284 is divided by 4598.
108
Calculate the remainder when 46350 is divided by 2357.
1567
Calculate the remainder when 302 is divided by 46.
26
What is the remainder when 12292 is divided by 3802?
886
What is the remainder when 7992 is divided by 1818?
720
Calculate the remainder when 10395 is divided by 547.
2
Calculate the remainder when 3284 is divided by 6.
2
What is the remainder when 34283 is divided by 1804?
7
Calculate the remainder when 1579 is divided by 504.
67
Calculate the remainder when 41022 is divided by 64.
62
Calculate the remainder when 38308 is divided by 23.
13
What is the remainder when 7224 is divided by 397?
78
What is the remainder when 106079 is divided by 65?
64
What is the remainder when 1169533 is divided by 128?
125
What is the remainder when 4307 is divided by 152?
51
What is the remainder when 1458 is divided by 164?
146
Calculate the remainder when 5862 is divided by 18.
12
Calculate the remainder when 12164 is divided by 118.
10
Calculate the remainder when 354278 is divided by 277.
272
What is the remainder when 6249 is divided by 2022?
183
Calculate the remainder when 1496 is divided by 28.
12
What is the remainder when 8152 is divided by 575?
102
What is the remainder when 11697 is divided by 39?
36
What is the remainder when 351 is divided by 231?
120
What is the remainder when 2660 is divided by 71?
33
Calculate the remainder when 28433 is divided by 232.
129
Calculate the remainder when 2913 is divided by 48.
33
Calculate the remainder when 11488 is divided by 5719.
50
What is the remainder when 9669 is divided by 18?
3
What is the remainder when 8561 is divided by 908?
389
Calculate the remainder when 8491 is divided by 3288.
1915
Calculate the remainder when 3350 is divided by 206.
54
What is the remainder when 10443 is divided by 5161?
121
Calculate the remainder when 1836 is divided by 162.
54
Calculate the remainder when 7590 is divided by 13.
11
What is the remainder when 5533 is divided by 1802?
127
Calculate the remainder when 99261 is divided by 22.
19
What is the remainder when 107897 is divided by 187?
185
Calculate the remainder when 17432 is divided by 783.
206
Calculate the remainder when 44728 is divided by 65.
8
What is the remainder when 766190 is divided by 135?
65
What is the remainder when 40354 is divided by 807?
4
What is the remainder when 11800 is divided by 1939?
166
What is the remainder when 2089855 is divided by 913?
911
What is the remainder when 29679 is divided by 18?
15
Calculate the remainder when 139268 is divided by 24.
20
What is the remainder when 4771465 is divided by 9?
7
What is the remainder when 176705 is divided by 20?
5
Calculate the remainder when 29328 is divided by 70.
68
Calculate the remainder when 51128 is divided by 32.
24
Calculate the remainder when 62054 is divided by 55.
14
What is the remainder when 378 is divided by 234?
144
What is the remainder when 257097 is divided by 128545?
7
What is the remainder when 2742 is divided by 2619?
123
What is the remainder when 140146 is divided by 45?
16
Calculate the remainder when 4786 is divided by 321.
292
Calculate the remainder when 38450 is divided by 575.
500
Calculate the remainder when 3187 is divided by 125.
62
Calculate the remainder when 10581 is divided by 353.
344
What is the remainder when 32441 is divided by 26?
19
Calculate the remainder when 191486 is divided by 333.
11
What is the remainder when 4652 is divided by 2306?
40
Calculate the remainder when 60904 is divided by 94.
86
What is the remainder when 9982 is divided by 128?
126
What is the remainder when 54281 is divided by 62?
31
Calculate the remainder when 11603 is divided by 88.
75
Calculate the remainder when 26314 is divided by 258.
256
What is the remainder when 34219 is divided by 188?
3
What is the remainder when 467287 is divided by 11?
7
Calculate the remainder when 41239 is divided by 20.
19
What is the remainder when 227752 is divided by 1372?
0
What is the remainder when 21450 is divided by 45?
30
Calculate the remainder when 296418 is divided by 101.
84
Calculate the remainder when 50044 is divided by 350.
344
What is the remainder when 39011 is divided by 3899?
21
Calculate the remainder when 174258 is divided by 87104.
50
Calculate the remainder when 7582 is divided by 4273.
3309
What is the remainder when 86879 is divided by 160?
159
What is the remainder when 2868 is divided by 559?
73
What is the remainder when 5557 is divided by 2682?
193
Calculate the remainder when 39952 is divided by 79.
57
Calculate the remainder when 392548 is divided by 75.
73
Calculate the remainder when 59818 is divided by 3516.
46
Calculate the remainder when 54196 is divided by 54185.
11
What is the remainder when 26472 is divided by 2940?
12
What is the remainder when 4952 is divided by 2137?
678
Calculate the remainder when 12590 is divided by 645.
335
What is the remainder when 28216 is divided by 3519?
64
What is the remainder when 22335 is divided by 26?
1
Calculate the remainder when 3233684 is divided by 86.
84
What is the remainder when 49801 is divided by 35?
31
What is the remainder when 127312 is divided by 20?
12
What is the remainder when 36532 is divided by 12174?
10
What is the remainder when 6462 is divided by 256?
62
Calculate the remainder when 14760 is divided by 924.
900
What is the remainder when 7362 is divided by 1439?
167
What is the remainder when 9543 is divided by 9535?
8
What is the remainder when 108621 is divided by 560?
541
Calculate the remainder when 1423 is divided by 331.
99
Calculate the remainder when 61357 is divided by 807.
25
What is the remainder when 54597 is divided by 73?
66
What is the remainder when 3671 is divided by 35?
31
Calculate the remainder when 1792138 is divided by 238.
236
What is the remainder when 175685 is divided by 658?
657
Calculate the remainder when 56626 is divided by 6.
4
Calculate the remainder when 471241 is divided by 97.
15
Calculate the remainder when 121780 is divided by 121757.
23
What is the remainder when 420741 is divided by 36?
9
Calculate the remainder when 1338 is divided by 44.
18
Calculate the remainder when 9800 is divided by 38.
34
Calculate the remainder when 5191 is divided by 5186.
5
What is the remainder when 2754 is divided by 1319?
116
What is the remainder when 18678 is divided by 346?
340
Calculate the remainder when 353052 is divided by 163.
157
Calculate the remainder when 41493 is divided by 215.
213
Calculate the remainder when 2897 is divided by 1347.
203
What is the remainder when 16787 is divided by 155?
47
Calculate the remainder when 44470 is divided by 102.
100
Calculate the remainder when 12607 is divided by 2063.
229
Calculate the remainder when 399993 is divided by 492.
489
What is the remainder when 795562 is divided by 924?
922
What is the remainder when 102640 is divided by 766?
762
Calculate the remainder when 689 is divided by 40.
9
What is the remainder when 103330 is divided by 6078?
4
Calculate the remainder when 516155 is divided by 155.
5
What is the remainder when 141889 is divided by 898?
5
Calculate the remainder when 7457 is divided by 82.
77
Calculate the remainder when 278228 is divided by 48.
20
Calculate the remainder when 23957 is divided by 362.
65
What is the remainder when 3977 is divided by 961?
133
Calculate the remainder when 433734 is divided by 43372.
14
What is the remainder when 1269 is divided by 1074?
195
What is the remainder when 58302 is divided by 118?
10
What is the remainder when 37262 is divided by 12?
2
What is the remainder when 1916 is divided by 954?
8
What is the remainder when 24798 is divided by 26?
20
Calculate the remainder when 862 is divided by 830.
32
What is the remainder when 5732 is divided by 363?
287
What is the remainder when 335338 is divided by 477?
7
What is the remainder when 8974 is divided by 28?
14
What is the remainder when 1090 is divided by 304?
178
Calculate the remainder when 4708 is divided by 520.
28
What is the remainder when 11016 is divided by 5493?
30
What is the remainder when 9006 is divided by 83?
42
What is the remainder when 40633 is divided